{"id":31,"date":"2015-09-23T21:38:42","date_gmt":"2015-09-23T20:38:42","guid":{"rendered":"http:\/\/www.magikbazar.fr\/?page_id=31"},"modified":"2015-11-20T18:57:47","modified_gmt":"2015-11-20T17:57:47","slug":"des-ils-et-des-elles","status":"publish","type":"page","link":"https:\/\/magikbazar.fr\/magik\/des-ils-et-des-elles\/","title":{"rendered":"Des ils et des elles"},"content":{"rendered":"<p align=\"CENTER\"><span style=\"font-family: Arial,sans-serif;\"><span style=\"font-size: x-large;\"><b>\u00ab\u00a0Des ils et des elles\u00a0\u00bb<\/b><\/span><\/span><\/p>\n<p align=\"CENTER\"><a href=\"https:\/\/magikbazar.fr\/magik\/wp-content\/uploads\/2015\/10\/IMG_9647.jpg\"><img decoding=\"async\" loading=\"lazy\" class=\"alignnone size-medium wp-image-77\" src=\"https:\/\/magikbazar.fr\/magik\/wp-content\/uploads\/2015\/10\/IMG_9647-300x200.jpg\" alt=\"IMG_9647\" width=\"300\" height=\"200\" srcset=\"https:\/\/magikbazar.fr\/magik\/wp-content\/uploads\/2015\/10\/IMG_9647-300x200.jpg 300w, https:\/\/magikbazar.fr\/magik\/wp-content\/uploads\/2015\/10\/IMG_9647-1024x683.jpg 1024w, https:\/\/magikbazar.fr\/magik\/wp-content\/uploads\/2015\/10\/IMG_9647-1920x1280.jpg 1920w\" sizes=\"(max-width: 300px) 100vw, 300px\" \/><\/a><\/p>\n<p style=\"text-align: left;\" align=\"CENTER\"><span style=\"font-family: Arial,sans-serif; color: #ff6600;\"><span style=\"font-size: large;\">\u00a0Une chanson du spectacle : \u00ab\u00a0Les enfants\u00a0\u00bb<b><br \/>\n<\/b><\/span><\/span><\/p>\n<!--[if lt IE 9]><script>document.createElement('audio');<\/script><![endif]-->\n<audio class=\"wp-audio-shortcode\" id=\"audio-31-1\" preload=\"none\" style=\"width: 100%;\" controls=\"controls\"><source type=\"audio\/mpeg\" src=\"https:\/\/magikbazar.fr\/magik\/wp-content\/uploads\/2015\/10\/Les-enfants-mp3.mp3?_=1\" \/><a href=\"https:\/\/magikbazar.fr\/magik\/wp-content\/uploads\/2015\/10\/Les-enfants-mp3.mp3\">https:\/\/magikbazar.fr\/magik\/wp-content\/uploads\/2015\/10\/Les-enfants-mp3.mp3<\/a><\/audio>\n<p align=\"CENTER\">Un spectacle familial pour enfants \u00e0 partir de 3 ans<\/p>\n<p align=\"CENTER\"><span style=\"font-family: Arial,sans-serif;\"><span style=\"font-size: large;\"><b>Th\u00e9\u00e2tre, danse, musique<\/b><\/span><\/span><\/p>\n<p align=\"CENTER\"><span style=\"font-family: Arial,sans-serif;\">De Magali Braconnot<\/span><\/p>\n<p align=\"CENTER\"><span style=\"font-family: Arial,sans-serif;\">Avec\u00a0:<\/span><\/p>\n<p align=\"CENTER\"><span style=\"font-family: Arial,sans-serif;\"><span style=\"font-size: large;\"><strong>Magali Braconnot<\/strong>\u00a0: com\u00e9dienne, chanteuse, auteure<\/span><\/span><\/p>\n<p align=\"CENTER\"><span style=\"font-family: Arial,sans-serif;\"><span style=\"font-size: large;\"><strong>Marie-Pierre Galus<\/strong>\u00a0: danseuse, chor\u00e9graphe<\/span><\/span><\/p>\n<p align=\"CENTER\"><span style=\"font-family: Arial,sans-serif;\"><span style=\"font-size: large;\"><strong>Jean-Christophe Herrmann<\/strong>\u00a0: percussionniste<\/span><\/span><\/p>\n<p style=\"text-align: center;\"><a href=\"https:\/\/magikbazar.fr\/magik\/wp-content\/uploads\/2015\/10\/IMG_9703.jpg\"><img decoding=\"async\" loading=\"lazy\" class=\"alignnone size-medium wp-image-84\" src=\"https:\/\/magikbazar.fr\/magik\/wp-content\/uploads\/2015\/10\/IMG_9703-300x200.jpg\" alt=\"IMG_9703\" width=\"300\" height=\"200\" srcset=\"https:\/\/magikbazar.fr\/magik\/wp-content\/uploads\/2015\/10\/IMG_9703-300x200.jpg 300w, https:\/\/magikbazar.fr\/magik\/wp-content\/uploads\/2015\/10\/IMG_9703-1024x683.jpg 1024w, https:\/\/magikbazar.fr\/magik\/wp-content\/uploads\/2015\/10\/IMG_9703-1920x1280.jpg 1920w\" sizes=\"(max-width: 300px) 100vw, 300px\" \/><\/a><\/p>\n<p><span style=\"font-size: medium;\">Ils sont trois, chacun portant son monde dans une valise. Il y a d\u2019abord \u00ab\u00a0lui\u00a0\u00bb, avec ses rythmes et sa musique. Puis \u00ab\u00a0elle\u00a0\u00bb, avec son petit th\u00e9\u00e2tre d\u2019objets, v\u00e9ritable chambre d\u2019enfants\u2026 Et puis une autre \u00ab\u00a0elle\u00a0\u00bb avec comme seul bagage, la danse.<\/span><\/p>\n<p><span style=\"font-size: medium;\">Ils ont l\u2019habitude de se retrouver l\u00e0 et d\u2019explorer ensemble les grandes questions du monde. Mais cette fois-ci, une seule question les taraude\u00a0: est-ce qu\u2019il y a une diff\u00e9rence entre les filles et les gar\u00e7ons\u00a0? Ils vont alors inventer l\u2019histoire de Zil et de Zelle et chercher toutes les combinaisons possibles pour r\u00e9pondre \u00e0 cette \u00e9nigme. En v\u00e9ritable cr\u00e9ateurs-explorateurs d\u2019histoires, ils vont d\u00e9ployer leur imaginaire, faire se croiser leurs univers et nous embarquer dans un voyage color\u00e9, musical et ludique, o\u00f9 le jeu d\u2019enfants n\u2019est jamais loin, o\u00f9 l\u2019\u00e9motion nous cueille quand on parle d\u2019amour, l\u00e0 o\u00f9 l\u2019on cherche \u00e0 comprendre la vie inlassablement.<\/span><\/p>\n<p><span style=\"font-size: medium;\">Des Ils et des Elles est un spectacle qui \u00e9merveille petits et grands. Il \u00e9mane de cet univers de la douceur et de la l\u00e9g\u00e8ret\u00e9 dans une histoire attachante m\u00ealant la musique, le th\u00e9\u00e2tre d\u2019objets et la danse\u2026<\/span><\/p>\n<p align=\"CENTER\"><span style=\"font-family: Chalkduster; color: #008080;\"><span style=\"font-size: medium;\">Zil et Zelle sont des enfants. Zil est \u00ab\u00a0plut\u00f4t\u00a0\u00bb un gar\u00e7on, Zelle est \u00ab\u00a0plut\u00f4t\u00a0\u00bb une fille. Ils sont amis. Ils jouent ensemble. Zelle a un papa et une maman. Zil a une maman et un papa\u2026qui n\u2019est jamais l\u00e0. La maman de Zelle attend un<\/span><\/span><span style=\"font-family: Chalkduster; color: #008080;\"><span style=\"font-size: medium;\"> b\u00e9b\u00e9. Petit fr\u00e8re\u00a0? Petite s\u0153ur\u00a0? Qu\u2019est-ce que \u00e7a change\u00a0? <\/span><\/span><\/p>\n<p align=\"CENTER\"><a href=\"https:\/\/magikbazar.fr\/magik\/wp-content\/uploads\/2015\/10\/IMG_9708.jpg\"><img decoding=\"async\" loading=\"lazy\" class=\"alignnone size-medium wp-image-86\" src=\"https:\/\/magikbazar.fr\/magik\/wp-content\/uploads\/2015\/10\/IMG_9708-300x200.jpg\" alt=\"IMG_9708\" width=\"300\" height=\"200\" srcset=\"https:\/\/magikbazar.fr\/magik\/wp-content\/uploads\/2015\/10\/IMG_9708-300x200.jpg 300w, https:\/\/magikbazar.fr\/magik\/wp-content\/uploads\/2015\/10\/IMG_9708-1024x683.jpg 1024w, https:\/\/magikbazar.fr\/magik\/wp-content\/uploads\/2015\/10\/IMG_9708-1920x1280.jpg 1920w\" sizes=\"(max-width: 300px) 100vw, 300px\" \/><\/a><\/p>\n<p align=\"CENTER\"><span style=\"font-family: Arial,sans-serif;\"><span style=\"font-size: large;\"><b>Dur\u00e9e du spectacle<\/b><\/span><\/span><span style=\"font-family: Arial,sans-serif;\"><span style=\"font-size: large;\">\u00a0<\/span><\/span><span style=\"font-family: Arial,sans-serif;\"><span style=\"font-size: large;\"><b>: <\/b><\/span><\/span><span style=\"font-family: Arial,sans-serif;\"><span style=\"font-size: large;\">35 minutes.<\/span><\/span><\/p>\n<p align=\"CENTER\"><span style=\"font-family: Arial,sans-serif;\"><span style=\"font-size: large;\"><b>Jauge m<\/b><\/span><\/span><span style=\"font-family: Arial,sans-serif;\"><span style=\"font-size: large;\"><b>axi\u00a0:<\/b><\/span><\/span><span style=\"font-family: Arial,sans-serif;\"><span style=\"font-size: large;\"> 70 \u00e0 130 selon la salle<br \/>\n<\/span><\/span><\/p>\n<p align=\"CENTER\"><span style=\"font-family: Arial,sans-serif;\"><span style=\"font-size: large;\"><b>Espace sc\u00e9nique\u00a0minimum :<\/b><\/span><\/span><span style=\"font-family: Arial,sans-serif;\"><span style=\"font-size: large;\"> 5m x 6m<\/span><\/span><\/p>\n<p align=\"CENTER\"><span style=\"font-family: Arial,sans-serif;\"><span style=\"font-size: large;\">Spectacle en version technique autonome possible (salles polyvalentes)<\/span><\/span><\/p>\n<p align=\"CENTER\"><span style=\"color: #ff0000;\"><strong>Contact :<\/strong><\/span><\/p>\n<p align=\"CENTER\">Corinne ODDON<br \/>\nCharg\u00e9e de diffusion<br \/>\n07 62 05 64 69<br \/>\ndiffusion@eclosion13.fr<\/p>\n<p align=\"CENTER\">Le dossier du spectacle :<\/p>\n<p align=\"CENTER\"><a href=\"https:\/\/magikbazar.fr\/magik\/wp-content\/uploads\/2015\/10\/Dossier-DIDA-sept2015.pdf\">Dossier Des ils et des elles <\/a><\/p>\n<p style=\"text-align: left;\" align=\"CENTER\"><span style=\"color: #ff6600;\">Chanson \u00ab\u00a0Ploum, ploum\u00a0\u00bb :<\/span><\/p>\n<audio class=\"wp-audio-shortcode\" id=\"audio-31-2\" preload=\"none\" style=\"width: 100%;\" controls=\"controls\"><source type=\"audio\/mpeg\" src=\"https:\/\/magikbazar.fr\/magik\/wp-content\/uploads\/2015\/10\/Ploum-ploum-mp3.mp3?_=2\" \/><a href=\"https:\/\/magikbazar.fr\/magik\/wp-content\/uploads\/2015\/10\/Ploum-ploum-mp3.mp3\">https:\/\/magikbazar.fr\/magik\/wp-content\/uploads\/2015\/10\/Ploum-ploum-mp3.mp3<\/a><\/audio>\n<p align=\"CENTER\"><a href=\"https:\/\/magikbazar.fr\/magik\/wp-content\/uploads\/2015\/10\/IMG_9666.jpg\"><img decoding=\"async\" loading=\"lazy\" class=\"alignnone size-medium wp-image-79\" src=\"https:\/\/magikbazar.fr\/magik\/wp-content\/uploads\/2015\/10\/IMG_9666-200x300.jpg\" alt=\"IMG_9666\" width=\"200\" height=\"300\" srcset=\"https:\/\/magikbazar.fr\/magik\/wp-content\/uploads\/2015\/10\/IMG_9666-200x300.jpg 200w, https:\/\/magikbazar.fr\/magik\/wp-content\/uploads\/2015\/10\/IMG_9666-683x1024.jpg 683w, https:\/\/magikbazar.fr\/magik\/wp-content\/uploads\/2015\/10\/IMG_9666-1920x2880.jpg 1920w\" sizes=\"(max-width: 200px) 100vw, 200px\" \/><\/a><\/p>\n<p align=\"CENTER\"><a href=\"https:\/\/magikbazar.fr\/magik\/wp-content\/uploads\/2015\/10\/IMG_9675.jpg\"><img decoding=\"async\" loading=\"lazy\" class=\"alignnone size-medium wp-image-80\" src=\"https:\/\/magikbazar.fr\/magik\/wp-content\/uploads\/2015\/10\/IMG_9675-300x200.jpg\" alt=\"IMG_9675\" width=\"300\" height=\"200\" srcset=\"https:\/\/magikbazar.fr\/magik\/wp-content\/uploads\/2015\/10\/IMG_9675-300x200.jpg 300w, https:\/\/magikbazar.fr\/magik\/wp-content\/uploads\/2015\/10\/IMG_9675-1024x683.jpg 1024w, https:\/\/magikbazar.fr\/magik\/wp-content\/uploads\/2015\/10\/IMG_9675-1920x1280.jpg 1920w\" sizes=\"(max-width: 300px) 100vw, 300px\" \/><\/a><\/p>\n<p align=\"CENTER\"><a href=\"https:\/\/magikbazar.fr\/magik\/wp-content\/uploads\/2015\/10\/IMG_9691.jpg\"><img decoding=\"async\" loading=\"lazy\" class=\"alignnone size-medium wp-image-83\" src=\"https:\/\/magikbazar.fr\/magik\/wp-content\/uploads\/2015\/10\/IMG_9691-200x300.jpg\" alt=\"IMG_9691\" width=\"200\" height=\"300\" srcset=\"https:\/\/magikbazar.fr\/magik\/wp-content\/uploads\/2015\/10\/IMG_9691-200x300.jpg 200w, https:\/\/magikbazar.fr\/magik\/wp-content\/uploads\/2015\/10\/IMG_9691-683x1024.jpg 683w, https:\/\/magikbazar.fr\/magik\/wp-content\/uploads\/2015\/10\/IMG_9691-1920x2880.jpg 1920w\" sizes=\"(max-width: 200px) 100vw, 200px\" \/><\/a><\/p>\n<p align=\"CENTER\"><a href=\"https:\/\/magikbazar.fr\/magik\/wp-content\/uploads\/2015\/10\/IMG_9679.jpg\"><img decoding=\"async\" loading=\"lazy\" class=\"alignnone size-medium wp-image-81\" src=\"https:\/\/magikbazar.fr\/magik\/wp-content\/uploads\/2015\/10\/IMG_9679-300x200.jpg\" alt=\"IMG_9679\" width=\"300\" height=\"200\" srcset=\"https:\/\/magikbazar.fr\/magik\/wp-content\/uploads\/2015\/10\/IMG_9679-300x200.jpg 300w, https:\/\/magikbazar.fr\/magik\/wp-content\/uploads\/2015\/10\/IMG_9679-1024x683.jpg 1024w, https:\/\/magikbazar.fr\/magik\/wp-content\/uploads\/2015\/10\/IMG_9679-1920x1280.jpg 1920w\" sizes=\"(max-width: 300px) 100vw, 300px\" \/><\/a><\/p>\n<p align=\"CENTER\"><a href=\"https:\/\/magikbazar.fr\/magik\/wp-content\/uploads\/2015\/10\/IMG_9714.jpg\"><img decoding=\"async\" loading=\"lazy\" class=\"alignnone size-medium wp-image-87\" src=\"https:\/\/magikbazar.fr\/magik\/wp-content\/uploads\/2015\/10\/IMG_9714-300x200.jpg\" alt=\"IMG_9714\" width=\"300\" height=\"200\" srcset=\"https:\/\/magikbazar.fr\/magik\/wp-content\/uploads\/2015\/10\/IMG_9714-300x200.jpg 300w, https:\/\/magikbazar.fr\/magik\/wp-content\/uploads\/2015\/10\/IMG_9714-1024x683.jpg 1024w, https:\/\/magikbazar.fr\/magik\/wp-content\/uploads\/2015\/10\/IMG_9714-1920x1280.jpg 1920w\" sizes=\"(max-width: 300px) 100vw, 300px\" \/><\/a><\/p>\n<p align=\"CENTER\"><a href=\"https:\/\/magikbazar.fr\/magik\/wp-content\/uploads\/2015\/10\/IMG_5697.jpeg\"><img decoding=\"async\" loading=\"lazy\" class=\"alignnone size-medium wp-image-146\" src=\"https:\/\/magikbazar.fr\/magik\/wp-content\/uploads\/2015\/10\/IMG_5697-229x300.jpeg\" alt=\"IMG_5697\" width=\"229\" height=\"300\" srcset=\"https:\/\/magikbazar.fr\/magik\/wp-content\/uploads\/2015\/10\/IMG_5697-229x300.jpeg 229w, https:\/\/magikbazar.fr\/magik\/wp-content\/uploads\/2015\/10\/IMG_5697-780x1024.jpeg 780w, https:\/\/magikbazar.fr\/magik\/wp-content\/uploads\/2015\/10\/IMG_5697.jpeg 960w\" sizes=\"(max-width: 229px) 100vw, 229px\" \/><\/a><\/p>\n<p align=\"CENTER\"><a href=\"https:\/\/magikbazar.fr\/magik\/wp-content\/uploads\/2015\/10\/IMG_5690.jpeg\"><img decoding=\"async\" loading=\"lazy\" class=\"alignnone size-medium wp-image-147\" src=\"https:\/\/magikbazar.fr\/magik\/wp-content\/uploads\/2015\/10\/IMG_5690-267x300.jpeg\" alt=\"IMG_5690\" width=\"267\" height=\"300\" srcset=\"https:\/\/magikbazar.fr\/magik\/wp-content\/uploads\/2015\/10\/IMG_5690-267x300.jpeg 267w, https:\/\/magikbazar.fr\/magik\/wp-content\/uploads\/2015\/10\/IMG_5690-910x1024.jpeg 910w, https:\/\/magikbazar.fr\/magik\/wp-content\/uploads\/2015\/10\/IMG_5690.jpeg 960w\" sizes=\"(max-width: 267px) 100vw, 267px\" \/><\/a><\/p>\n<p align=\"CENTER\"><a href=\"https:\/\/magikbazar.fr\/magik\/wp-content\/uploads\/2015\/10\/IMG_5701.jpeg\"><img decoding=\"async\" loading=\"lazy\" class=\"alignnone size-medium wp-image-148\" src=\"https:\/\/magikbazar.fr\/magik\/wp-content\/uploads\/2015\/10\/IMG_5701-212x300.jpeg\" alt=\"IMG_5701\" width=\"212\" height=\"300\" srcset=\"https:\/\/magikbazar.fr\/magik\/wp-content\/uploads\/2015\/10\/IMG_5701-212x300.jpeg 212w, https:\/\/magikbazar.fr\/magik\/wp-content\/uploads\/2015\/10\/IMG_5701-723x1024.jpeg 723w, https:\/\/magikbazar.fr\/magik\/wp-content\/uploads\/2015\/10\/IMG_5701.jpeg 904w\" sizes=\"(max-width: 212px) 100vw, 212px\" \/><\/a><\/p>\n<p>&nbsp;<\/p>\n","protected":false},"excerpt":{"rendered":"<p>\u00ab\u00a0Des ils et des elles\u00a0\u00bb \u00a0Une chanson du spectacle : \u00ab\u00a0Les enfants\u00a0\u00bb Un spectacle familial pour enfants \u00e0 partir de 3 ans Th\u00e9\u00e2tre, danse, musique De Magali Braconnot Avec\u00a0: Magali Braconnot\u00a0: com\u00e9dienne, chanteuse, auteure Marie-Pierre Galus\u00a0: danseuse, chor\u00e9graphe Jean-Christophe Herrmann\u00a0: percussionniste Ils sont trois, chacun portant son monde dans une valise. Il y a d\u2019abord&hellip;<\/p>\n","protected":false},"author":2,"featured_media":0,"parent":0,"menu_order":0,"comment_status":"closed","ping_status":"closed","template":"","meta":[],"_links":{"self":[{"href":"https:\/\/magikbazar.fr\/magik\/wp-json\/wp\/v2\/pages\/31"}],"collection":[{"href":"https:\/\/magikbazar.fr\/magik\/wp-json\/wp\/v2\/pages"}],"about":[{"href":"https:\/\/magikbazar.fr\/magik\/wp-json\/wp\/v2\/types\/page"}],"author":[{"embeddable":true,"href":"https:\/\/magikbazar.fr\/magik\/wp-json\/wp\/v2\/users\/2"}],"replies":[{"embeddable":true,"href":"https:\/\/magikbazar.fr\/magik\/wp-json\/wp\/v2\/comments?post=31"}],"version-history":[{"count":14,"href":"https:\/\/magikbazar.fr\/magik\/wp-json\/wp\/v2\/pages\/31\/revisions"}],"predecessor-version":[{"id":153,"href":"https:\/\/magikbazar.fr\/magik\/wp-json\/wp\/v2\/pages\/31\/revisions\/153"}],"wp:attachment":[{"href":"https:\/\/magikbazar.fr\/magik\/wp-json\/wp\/v2\/media?parent=31"}],"curies":[{"name":"wp","href":"https:\/\/api.w.org\/{rel}","templated":true}]}}